rs of m.
2, 11
Suppose 18 = -4*x + 7*x. What are the prime factors of x?
2, 3
Suppose 4*a - 3 = 5. List the prime factors of a.
2
Let r(c) = -3*c**3 - 10*c**2 - 5*c + 5. Let u(f) = -4*f**3 - 10*f**2 - 4*f + 6. Let v(o) = -3*r(o) + 2*u(o). List the prime factors of v(-9).
3, 5
What are the prime factors of (147/2)/(15/30)?
3, 7
Suppose 3*d + 2*d = -15. Let a(s) = -s**2 - 3*s + 3. Let x be a(d). Suppose 0*g - x*g + 39 = 0. What are the prime factors of g?
13
What are the prime factors of 5898/216*4 + 2/(-9)?
109
Let y(m) = 2 - m + 4*m + 0 + 0*m. Suppose -3*c = -6 - 0. List the prime factors of y(c).
2
Suppose 168*y - 164*y - 872 = 0. What are the prime factors of y?
2, 109
Suppose 0 = -5*d + 6 + 4, -3*w + d + 382 = 0. List the prime factors of w.
2
Let o = 77 + 17. List the prime factors of o.
2, 47
Let f = -566 - -885. List the prime factors of f.
11, 29
Suppose 2 = -5*f - 3, -5*y + f - 54 = 0. Suppose b = 19 - 0. Let m = b + y. List the prime factors of m.
2
List the prime factors of (-3)/(12/4) + 8.
7
Let y(x) = x**2 - 7*x + 7. List the prime factors of y(12).
67
What are the prime factors of 1/(((-2)/474)/(6/(-9)))?
2, 79
Suppose -3*d - j - 37 = -11, -j = 5*d + 40. Let t(z) = -z**2 - 8*z + 2. What are the prime factors of t(d)?
3
Let w(d) = 4 + d + 1 - 2*d. Let t be w(9). Let o = t - -8. List the prime factors of o.
2
Let h(p) = -p + 1. Let t = -6 + 5. What are the prime factors of h(t)?
2
Let t = -1 + 2. Let y = -1 + t. Suppose -4*s - 33 = -3*h, -4*h - 2*s - 3*s + 13 = y. What are the prime factors of h?
7
Let p be (-2)/(-4) + (-40)/(-16). Let o be (-1)/(p/9) - -21. What are the prime factors of (o/27)/((-2)/(-18))?
2, 3
Let l = 13 + -7. Suppose 34 = 2*y + l. What are the prime factors of y?
2, 7
Let k = 34 - 18. Suppose -8 = -p - 4*j, -2*p + 3*j = -0*j - k. List the prime factors of p.
2
Suppose -4*a + 22 = 4*o - 22, -3*a - 5*o = -37. Let n = 23 - a. List the prime factors of n.
2, 7
Suppose 2*h = -3*o + 161 - 40, 0 = -3*o - 15. What are the prime factors of h?
2, 17
Suppose 3*a - 8 - 4 = 0. List the prime factors of (-102)/a*4/(-6).
17
Let t(u) = u**2 - 11. Let q be t(-9). Suppose 0 = 5*r - 5, r = -5*f + q - 14. Suppose -4*d + 5*z = -23, 2*d - 1 = 2*z + f. What are the prime factors of d?
7
Let c = -7 - -5. Let q(h) = 2*h - 7. Let s be q(5). What are the prime factors of (s/(-6))/(c/20)?
5
Suppose 9 = -4*n + j, -5*n + 5 = -10*n - 5*j. Let c be (-2)/4 + (-7)/n. Suppose -2*z - 2*x + 10 = c*z, -4*x - 28 = -2*z. What are the prime factors of z?
2
Let t(r) = r**3 + 5*r**2 + 4*r - 3. Let o be 18/(-4) - (-2)/4. Let y be t(o). Let c(u) = -2*u. List the prime factors of c(y).
2, 3
Suppose -20 = 5*f, 2*j - f + 31 = 7*j. What are the prime factors of j?
7
Suppose -6*r = -2*r - 16. Suppose -15 = -h - r*h. Suppose -4*y = 0, -y - 30 = -5*n - h*y. List the prime factors of n.
2, 3
Suppose k + 13 = 5*z, 3*z + 0*k - 5*k = -1. Suppose z*d + 0 - 48 = 0. Suppose j - 3*j = -d. List the prime factors of j.
2
Let t be -3 + (-3)/6*-10. Suppose 4*h + 2*n = 8, 3*h - t*n + 2 = 15. List the prime factors of h.
3
Suppose 27 + 8 = 5*v. Let k(o) = o**2 - 5*o - 4. List the prime factors of k(v).
2, 5
Suppose 2 = -r, 141 + 36 = 5*d + 4*r. Suppose 3*f + d = 3*k - k, -2*k - f = -25. What are the prime factors of k?
2, 7
Let j(q) = 1 - 1 - 2*q - 1 + 2*q**2 + 2. List the prime factors of j(3).
13
Let n = 11 + -3. Let x = n + -2. List the prime factors of -1 + (-8)/(-6)*x.
7
Let z(g) = -2*g + 5. Let s be z(4). Let a be s/5 - 66/(-10). Suppose -100 = -a*d + d. List the prime factors of d.
2, 5
Suppose 7*y - 3*s - 738 = 4*y, 2*s + 1242 = 5*y. What are the prime factors of y?
2, 5
Let l be (-2 - -1)*(-48)/3. Suppose -2*f - 5 = 3*f + 3*h, 2*h = 3*f - l. Suppose f = b - 5. List the prime factors of b.
7
What are the prime factors of 1*33 + (-16)/4?
29
Let q = -55 - -132. What are the prime factors of q?
7, 11
Let z(s) = -s**3 - 5*s**2 + 4*s - 8. Let w be z(-6). What are the prime factors of (-7)/28 + 157/w?
3, 13
Let w(s) = -2*s + 31. List the prime factors of w(-15).
61
Let u(y) = -y**3 - 8*y**2 - 3*y - 8. Let k be u(-7). Let o = 13 + 38. Let a = k + o. What are the prime factors of a?
3, 5
Suppose -5*h + 5*m - 15 = 0, 4*h - 13 = m - 2*m. Suppose 0 = -h*l + 3*l + 1. List the prime factors of 8 - (l + 2) - -1.
2
Let j = 15 - -31. List the prime factors of j.
2, 23
Suppose 3*f + 191 = 4*i, 3*i + 2*f - 135 = 7*f. List the prime factors of i.
2, 5
Let z = 79 - 31. List the prime factors of z.
2, 3
Suppose -i - 2*i + 9 = 0, 0 = 3*j + 4*i - 141. List the prime factors of j.
43
Let z = 35 - 16. List the prime factors of z.
19
What are the prime factors of (17 + -2)/(3/9)?
3, 5
Suppose 3*i - 5*i = 2. Let y be 14 - (1 + -1)*i. Let k = y + -3. What are the prime factors of k?
11
Suppose -466 = -4*y - 5*q, -3*y = -3*q + 5*q - 346. Suppose 4*d + y = 5*a + 9, 3*d - 3*a + 78 = 0. Let b = -14 - d. What are the prime factors of b?
11
Suppose -6*l = -54 - 78. What are the prime factors of l?
2, 11
Let x be -2*(2 + -4) - 1. Suppose -x*g + 96 = -0*g. What are the prime factors of g?
2
Let x = -49 + 72. Suppose -2*k = -3*k + x. What are the prime factors of k?
23
Let g(t) = -t**3 + 12*t**2 + 4*t + 23. What are the prime factors of g(11)?
2, 47
What are the prime factors of ((-13)/(-26))/((-1)/(-74) + 0)?
37
Suppose -2*p = -0*p - 5*c - 121, -5*p + 274 = -3*c. Suppose 5*z - 72 = p. Suppose -3*t = -8*t + z. List the prime factors of t.
5
Suppose 5*p - 3*p = 14. Let w = 18 - p. What are the prime factors of w?
11
Let w(a) = -a**3 + 14*a**2 + 7*a + 30. What are the prime factors of w(14)?
2
Let u(s) = -28*s**3 - 6*s**2 - s + 2. List the prime factors of u(-2).
2, 3, 17
Suppose 0 = 4*w - 0*w - 404. Suppose 2*c = -3*c + 2*l + w, -c = 3*l - 27. List the prime factors of c.
3, 7
Suppose 0 = -0*g - 5*g + 15. Let x(b) = 1 - 2*b**2 - 3*b - 8 + g*b**2. List the prime factors of x(6).
11
Let u(o) = o**2 - 6*o + 5. List the prime factors of u(9).
2
Let q(i) = -i**3 + 10*i**2 - 7*i - 9. Suppose 30 = 4*s - 6. What are the prime factors of q(s)?
3
Let v be 0 + (-2 - (-12)/3). Let o(n) = -2*n**2 - n + 7*n + n**v - 3 + 6. List the prime factors of o(6).
3
Let z(y) be the third derivative of -y**5/60 - 3*y**4/8 - 3*y**3/2 - 3*y**2. Let h be z(-6). List the prime factors of (-6)/h*15/(-2).
5
Suppose -8 = 2*y - 0. Let a(o) = -6*o - 9. What are the prime factors of a(y)?
3, 5
Let k = 12 - 7. Let f(h) = -2*h**2 + 6*h - 7. Let m be f(k). What are the prime factors of m/(-6)*2/3?
3
Let i(b) = -1. Let g(r) = r - 9. Let u(m) = g(m) - 6*i(m). List the prime factors of u(6).
3
Let q(r) = 8*r**2 - 1. Let g be q(-1). Let h(p) = p**3 - 7*p**2 + 1. Let t be h(g). Suppose n = t + 5. List the prime factors of n.
2, 3
Let l(d) = d**3 + 4*d**2 + 3*d + 2. Let b be l(-2). Suppose b*g - 5*a + 4 = 82, 0 = 4*g + 5*a - 58. List the prime factors of g.
17
Suppose 0 = 4*m - 16 + 4. What are the prime factors of (m - (-3)/(-2))*16?
2, 3
Suppose -2*v + 20 = -24. Suppose 0 = 3*z - 4*a + 3*a - v, 0 = -2*z - 2*a + 28. What are the prime factors of z?
3
Let m(d) = -d**2 + 2*d + 72. List the prime factors of m(0).
2, 3
What are the prime factors of (-231)/7*(-4)/6?
2, 11
Suppose -5*a + 3*a + 8 = 0. Suppose -2*t = 3*g - 36, -a*g + 29 + 19 = -4*t. List the prime factors of g.
2, 3
Suppose -2 - 4 = -2*b. Let s(x) = -x**3 + 7*x**2 + x + 8. Let y(k) = k**3 - 6*k**2 - k - 7. Let w(a) = -3*s(a) - 4*y(a). What are the prime factors of w(b)?
7
Let a = 411 + -252. What are the prime factors of a?
3, 53
Let p(a) = -a**3 - 7*a**2 + 7*a + 8. Let w be (8/(-5))/((-2)/(-10)). Let h be p(w). Let k = h - 11. List the prime factors of k.
5
Let i(y) = -y**3 - 6*y**2 - 6*y + 3. Let u be i(-5). List the prime factors of (12/(-21))/(u/(-28)).
2
Let s = 442 - 315. List the prime factors of s.
127
Let p be 22/(-5) - 3/5. Let j = 11 + p. List the prime factors of j.
2, 3
Suppose 2*l - 4*k + k - 4 = 0, 5*k = 10. Suppose -l*t - 30 = -0*t. List the prime factors of ((-20)/t)/(2/6).
2, 5
Let v be (38/2)/((-2)/(-4)). Let p be 0/2 + -25 + -1. Let f = p + v. List the prime factors of f.
2, 3
Let p(a) = -3*a - 1. Suppose 3*n + 1 = 4. Let v be p(n). List the prime factors of v/3*(-27)/6.
2, 3
Let a = 29 - 17. Suppose 0 = -2*t + a - 4. List the prime factors of t.
2
Let u(z) = 4*z +